eds digit of y?
7
Suppose 314641 = 68*u - 108319. What is the hundreds digit of u?
2
Let v = 79370 - 38170. What is the thousands digit of v?
1
Suppose -238*q - 8289108 = -426*q. What is the units digit of q?
1
Let w(a) = -a**2 - 2*a + 1. Let s be w(-3). Let q be (s + 3)/((-6)/(-906)). Let g = -73 + q. What is the units digit of g?
8
What is the hundreds digit of (-847570)/(-30) + (-160)/120?
2
Let n(v) = 5981*v + 951. What is the ten thousands digit of n(3)?
1
Suppose 9997 = 3*r + 4*a, 5*a + 7891 = 4*r - 5397. What is the hundreds digit of r?
3
Let s = 558 - 554. What is the tens digit of s + 328 + -5 + -1?
2
Suppose 0 = -2*k + 5*b + 181 + 381, 0 = -4*k + 4*b + 1112. Let u = -9185 + 9083. Let w = k + u. What is the tens digit of w?
7
Let y = 89712 + -44760. What is the tens digit of y?
5
Suppose 8*a + 88869 - 3333 = 30*a. What is the hundreds digit of a?
8
Let n = 73664 + -48628. What is the thousands digit of n?
5
Suppose 756*l = 766*l - 43200. What is the units digit of l?
0
Let g = -13 - -13. Suppose 0*c - 5*c + 665 = g. Suppose -2*y - 3*j + c + 2 = 0, 0 = -4*j - 4. What is the tens digit of y?
6
Suppose 126172 = 3*a - q, 24*a = 15*a + q + 378508. What is the tens digit of a?
5
Suppose 5*o + 721 = 2*l, 3*l = 2*o - 4*o + 1053. Suppose -4*p + 7*p = 4*k + l, 0 = 3*k + 3*p + 270. Let v = -44 - k. What is the units digit of v?
5
Suppose 0 = 5*h - 3*h + 2*q + 10, -5*h - 20 = 4*q. Suppose h*m - c = -4*m - 1904, -4*m = 3*c + 1888. What is the tens digit of m/(-4) - 15/20?
1
Suppose 0*z - 6*z + 66 = 0. Let p(g) = 51*g - 48. What is the tens digit of p(z)?
1
Suppose -5*h + 6*z - z + 690 = 0, -2*h - 3*z = -286. What is the units digit of (12/((-48)/26))/((-2)/h)?
5
Let l be (3*(-4)/30)/((-1)/65). Let f be ((-44)/6)/(l/(-2613)). Suppose -5*q + 5*g = -1255, 2*g = -3*q + g + f. What is the units digit of q?
7
Let i(k) be the first derivative of k**4/4 + 5*k**3 + 5*k**2/2 + 156*k - 184. What is the tens digit of i(-15)?
8
Let y = 10373 - 6206. What is the units digit of y?
7
Let x(h) = -h**3 + 39*h**2 + 16*h - 113. Let m be x(40). Let r = m + 1695. What is the hundreds digit of r?
6
Let a(q) = -2*q**2 + 2*q + 3. Let f = 20 + -14. Let d be a(f). Let n = -29 - d. What is the units digit of n?
8
Suppose -5*z + 10 = 0, -5*l - 2*z = 3*z - 190. Let v = l - 38. Let j = v - -51. What is the units digit of j?
9
Let n(j) = -j**2 + 12*j - 4. Let p be n(12). Let v be (31/p)/((-19)/380). Suppose -4*z + 285 + v = 0. What is the units digit of z?
0
Let u(b) = -b**2 + 2*b**3 + b**3 - 2*b**3 + 12*b**2. Let k be u(-9). Suppose -k = 6*w - 9*w. What is the tens digit of w?
5
Suppose 0 = -5*t - 4*w - 0*w + 6, -3*t + 4*w + 10 = 0. Suppose m - 74 - 121 = 5*y, 0 = -y - t*m - 39. Let d = y - -65. What is the tens digit of d?
2
Let r(a) = 29*a + 55. Let n(x) = -14*x - 27. Let t(p) = 9*n(p) + 4*r(p). What is the tens digit of t(-18)?
5
Suppose -3*w + 5 = -4. Let g be (13888/(-192))/(2/(-18)). Suppose d = w*h - g, 2*d = h - 2*d - 228. What is the units digit of h?
6
Let s(v) = -v**3 + 140*v**2 - 395*v - 414. What is the thousands digit of s(136)?
9
Let s(c) = 28*c + 87. Let v be s(-3). Suppose -v = d, -6*t - 2*d = -4*t - 468. What is the hundreds digit of t?
2
Suppose -4*g = -4, 2*r - 6*g - 1 = -3*g. Suppose 10 = -2*v, 0 = -r*l + 3*v + 184 - 7. What is the tens digit of l?
8
Suppose -4*p = -3*p - 208. Let a = p + -96. Suppose 0 = 3*s - o - 183, 3*s - s - 4*o = a. What is the units digit of s?
2
Suppose 0 = -9*i + 10*i - 332. Let o = i - 235. Suppose 3*c = -3*a + 102, -3*a = -5*c + 9*c - o. What is the tens digit of a?
3
Let q = -36 + 20. Let m be 10*(4/q + 9/12). Suppose -v + 3*y = -143, -y = -m*v + 2*y + 691. What is the units digit of v?
7
Let f be 28/(-42) - ((-30)/(-9) + 2). Let o(h) = -h**3 - h**2 - 7*h + 4. What is the tens digit of o(f)?
2
Let x(q) = 13*q**3 - 3*q**2 + 2. Suppose -12 - 48 = -5*o. Suppose 5 = -o*k + 29. What is the units digit of x(k)?
4
What is the tens digit of 27 - 3419307/(-243) - (-4)/(-18)?
9
What is the hundreds digit of (15249/17)/(-2 + 116/52)?
8
Suppose -381700 = 173*l - 183*l. What is the tens digit of l?
7
What is the hundreds digit of ((18048/18)/32)/((-2)/(-174))?
7
Let v be -14 - -4 - (-20)/5. Let n(y) = 93*y**2 + 2*y - 1. Let h(t) = -280*t**2 - 6*t + 3. Let r(u) = v*h(u) - 17*n(u). What is the units digit of r(1)?
0
Let t = 42117 + -13596. What is the tens digit of t?
2
Let b(y) = 3*y**2 - 14*y - 4. Let t be b(6). Suppose -2*a = t - 28. Suppose q - a*h - 47 = 0, -3*h = -3*q + 12 + 156. What is the tens digit of q?
5
Let y(g) = -4*g - 2. Let f be y(-2). Let h be (-5 + -1)/(f/32). Let j = 61 - h. What is the tens digit of j?
9
Let y(b) = b**3 + 30*b**2 - 6*b + 47. Let v be y(-31). Let n = -380 - v. What is the tens digit of n?
4
Suppose 0 = -i - 4*h + 1, 0 = 5*i - i - 2*h - 40. Suppose i*z - 14*z + 10 = 0. Suppose z*c + c = 171. What is the tens digit of c?
5
Let l(z) = -z**2 + 15*z - 6. Let s be l(11). Let w = s + -34. Suppose r = -w*h - 4*r - 13, r = 5*h - 20. What is the units digit of h?
3
Let d = -35 - -30. Let m = d - 177. What is the tens digit of 91/(-2)*104/m?
2
Let i(g) = 2*g + 18*g**2 + g + 1 + 0*g + 3*g. What is the tens digit of i(-4)?
6
Let a = -3454 + 5909. What is the tens digit of a?
5
What is the hundreds digit of 1387/(-133)*-3437 + -1?
8
Suppose -3666*x = -3663*x - 38298. What is the tens digit of x?
6
Suppose -14*t = -18*t - 156. Let x = 41 + t. Suppose x*j + 3*j = 285. What is the tens digit of j?
5
Suppose -5*v = 2*v - 105. Suppose -8*a - 1343 = -12*a - w, -3*w = v. Suppose 2*j - a = 83. What is the tens digit of j?
1
Let s = -57 + 57. Suppose 4*n - n + 3*b - 1095 = s, 5*n = -2*b + 1813. Suppose 0 = 2*c + 2*y - 238, n = -0*c + 3*c + 2*y. What is the hundreds digit of c?
1
Suppose 3415*p - 134592 = 3403*p. What is the hundreds digit of p?
2
Let h be (-10 + 4)*12/(-18). Suppose -5*r + 12 = -h*t + 2, -r + 4*t = -18. What is the tens digit of -41*20/6*3/r?
0
Let b(p) be the second derivative of p**5/20 - p**4/4 - 3*p**3/2 - 3*p**2 - 6*p - 3. What is the hundreds digit of b(9)?
3
Suppose -109*b + 68504 = -50*b - 51*b. What is the units digit of b?
3
Let r(h) = h**3 + 2*h**2 - h + 4. Let p be r(0). Let x = -1 + p. Suppose -f + 5 = 1, -x*q - 4*f = -229. What is the units digit of q?
1
Suppose -7*m - 13*m = -25521 - 83959. What is the units digit of m?
4
Suppose 21 = c - 4*a, -3*c + 2*c + 5*a = -26. Suppose 5*q + c = 31. What is the units digit of -1 + ((-2)/(-1) - (-966)/q)?
2
Let x = 12196 + -5981. What is the thousands digit of x?
6
Let q(b) = b**3 - 5*b**2 - 13*b - 6. Let v be -3*((-14)/4)/(6/4). Let s be q(v). Suppose x + s = -0, -3*u - 3*x = -60. What is the units digit of u?
1
Let u(v) = 2*v**2 + 4*v + 2. Let x be u(-2). Let q = -267 + 300. Suppose -l = -x*l + w + q, 4*w + 162 = 5*l. What is the tens digit of l?
3
Let j = -29 + 34. Suppose -3*q + 669 = 3*d, -j*q - 446 = -2*d - 2*q. What is the units digit of d?
3
Let c(t) = 4169*t**2 + 61*t - 131. What is the thousands digit of c(2)?
6
Suppose -21*x - 118191 - 1731349 = -131*x. What is the ten thousands digit of x?
1
Let b(w) = w - 29. Let s be b(8). Let m(h) be the third derivative of h**6/120 + 7*h**5/20 - h**4/6 - 5*h**3/3 - 4*h**2. What is the tens digit of m(s)?
7
Let c = 538 + 636. Suppose 4*v = 410 + c. What is the units digit of v?
6
Let k = -73 - -330. Suppose -3*q - 5*c + 295 = 2*q, 0 = -4*q + 3*c + k. What is the tens digit of q?
6
Let k = -1499 + 3047. Suppose 3*b + 2*z = k + 634, 1448 = 2*b + 3*z. What is the hundreds digit of b?
7
Suppose 5 = -2*m + 17. Suppose 0 = m*r - 1348 + 286. What is the tens digit of r?
7
Let s = 10963 + -7757. What is the tens digit of s?
0
Suppose 3*u - 27442 = -5*m, 5*u = -172*m + 169*m + 45710. What is the thousands digit of u?
9
Let g = -167 + 169. Suppose 0 = -6*y - g + 866. What is the units digit of y?
4
Let c = 21700 + -14016. What is the units digit of c?
4
Let r = -97393 - -140425. What is the units digit of r?
2
Let h(m) = -m**3 + 4*m**2 - 10*m + 8688. What is the thousands digit of h(0)?
8
Let l = 7719 + -572. What is the tens digit of l?
4
Let t be -8 + (-35)/21*-93. What is the tens digit of t - ((-1)/(-1) - (1 + 3))?
5
Let c = 16241 - 9219. What is the hundreds digit of c?
0
Let c(s) = -100*s - 83. Let l be c(-6). 